Let u be d(19). Let i = u + 109. What is the units digit of i?
1
Let c = 223 - -919. What is the hundreds digit of c?
1
Let u = 4231 + 9518. What is the thousands digit of u?
3
Suppose -21*u + 524138 = 5*u - 791514. What is the ten thousands digit of u?
5
Suppose 13*z - 31661 = 84819. What is the hundreds digit of z?
9
Suppose o - 43 + 35 = 0. Let f(a) = 57*a + 2. Let j be f(o). Suppose -4*u = -v - j, 2*v - 7*v = 5*u - 560. What is the tens digit of u?
1
What is the units digit of (-49081)/(-4) - 13*12/624?
0
Suppose 0 = 3*m - 4*l - 71340, -32*m + 118923 = -27*m + l. What is the units digit of m?
4
Let a(o) = -15*o**3 - 34*o**2 - 53*o - 159. What is the thousands digit of a(-18)?
7
Suppose -3*h - 5*g + 72730 = 0, 56*h = 54*h - 3*g + 48487. What is the tens digit of h?
4
Suppose 16*y = 22*y - 6678. Suppose -p - 1841 = -6*p + 3*x, -3*p - x = -y. What is the hundreds digit of p?
3
Suppose 34776 = 30*o - 9*o. Let l = -1050 + o. What is the tens digit of l?
0
Let a(f) = f**3 + 23*f**2 + 27*f + 90. Let n be 6 + -3*(-182)/(-21). What is the hundreds digit of a(n)?
7
Let o be -5 + 2 + -2 + 3. Let h be 45/9*o/(-5). Suppose -2*b = h*p - 348, -3*b = -0*p - p + 166. What is the hundreds digit of p?
1
Suppose 20*k = 4*l + 16*k - 2144, -2*l + 1072 = -k. What is the units digit of l?
6
Suppose 6*t = -10 + 196. Let k = t - 22. Suppose k*n - 229 = 149. What is the tens digit of n?
4
Suppose 30*s - 37*s + 1246 = 0. Let g = -5 + 14. Suppose -s + 988 = g*q. What is the tens digit of q?
9
Let w(b) be the second derivative of 11*b**7/1260 - 2*b**4/3 + 16*b. Let c(q) be the third derivative of w(q). What is the units digit of c(-2)?
8
Suppose 68*z + 198805 = -86*z + 580109. What is the thousands digit of z?
2
What is the tens digit of (2336/1752)/((-4)/(-19890))?
3
Let g be 0 + 1 + (-3)/6*46. Let n(h) = 4*h**2 + 36*h + 73. What is the units digit of n(g)?
7
Let d(s) be the third derivative of s**6/120 + s**5/6 + s**4/4 - 10*s**3/3 - 2*s**2 - 324*s. Suppose -5*v = -5 + 40. What is the tens digit of d(v)?
8
Suppose -7*q - 8 = -9*q. Suppose -q*d - a = -1474, -3*d + 5*a + 477 + 617 = 0. Suppose 0 = -6*b + 3*b - c + d, -2*b - c = -245. What is the tens digit of b?
2
Let t be (1/3 + 5352/9)/1. Suppose -5*x + t = 5*r, 2*r - 234 = -2*x + x. Suppose 2*g - 215 = r. What is the tens digit of g?
6
Let i(w) = 32*w + 34. Let d be i(-1). Suppose d*k = 5*f - 224, 0*k - 178 = -4*f + k. What is the tens digit of f?
4
Let u(n) = -9*n - 31. Let z be u(-9). Suppose z = 10*g - 8*g. What is the units digit of 4/10 + 2365/g?
5
Let h(l) = 3*l + 20. Let c(z) = 23 - 2*z - 14 - 19. Let f(w) = -13*c(w) - 6*h(w). What is the tens digit of f(8)?
7
Let g(s) = -4521*s - 4486. What is the hundreds digit of g(-11)?
2
Let b = 166657 + -96379. What is the hundreds digit of b?
2
Let o(q) = -q**2 + 24*q - 286. Let b be o(29). Let n = 1151 - b. What is the units digit of n?
2
Let w = 24370 + 10. What is the thousands digit of w?
4
Let b = -53 + 55. Suppose 3*v - v + y + 16 = 0, 16 = -4*v + b*y. Let c = v + 15. What is the units digit of c?
9
Let q = 1481 + -117. Suppose 0 = -4*s - 4*n + q + 1024, 5*n = -s + 617. What is the hundreds digit of s?
5
What is the ten thousands digit of 9*11/(-62 + -4)*-22598?
3
Suppose 180 = 3*l + c, 5*c - 240 = -4*l + 3*c. What is the hundreds digit of ((-1924)/(-5))/((-12)/l*-2)?
9
Let g = -32831 + 95433. What is the ten thousands digit of g?
6
Suppose 3*a = -2*c + 82, -a - 23 - 43 = -2*c. Suppose c*i - 38*i + 669 = 0. What is the tens digit of i?
2
Let u = -44962 - -79009. What is the thousands digit of u?
4
Let y = -5717 - -12265. What is the units digit of y?
8
Let c be (10/(-8))/(5*(-3)/6540). Let d = c - 330. What is the hundreds digit of d?
2
What is the hundreds digit of (-1)/((-1)/(12429 - 40/(-5)))?
4
Let z(v) = -v**3 + 2*v**2 + 2*v - 2. Let h be z(-2). Suppose 0 = h*s - 3*s - 56. Suppose 0 = s*n - 16*n + 168. What is the units digit of n?
1
Suppose -13*q + 627 = 159. Let c be (2 - q/15)/((-8)/(-120)). What is the hundreds digit of c/63 - 45143/(-147)?
3
Let k = 79438 - 34795. What is the thousands digit of k?
4
Let n(t) = 5*t**2 + 450*t + 535. What is the units digit of n(-97)?
0
Let w be -3 + 367*-3*3/9. Let g = 344 - w. What is the hundreds digit of g?
7
Suppose 7 + 2 = -9*b. Let f be (-19)/95 - (254/5 - b). What is the units digit of 39/f - (-47)/4?
1
Suppose h + 3*m + 40 = -m, -41 = h + 5*m. Let k = h - -61. What is the tens digit of k?
2
What is the units digit of (44/(-36) - -1) + (-1964715)/(-27) - -4?
1
Suppose 198 - 650 = -i. Let u = i - 674. Let t = u + 321. What is the units digit of t?
9
Suppose 5*r - 2111 = 4*n - 117, 414 = r + 3*n. Let v = 1341 - 1337. Suppose 2*g - 6*g + r = 5*c, -v*c = 4*g - 324. What is the tens digit of c?
7
Let w = 131 - 126. Suppose 0*r - r + 306 = w*q, -4*r = 2*q - 108. What is the units digit of q?
2
Let n = 282 - 279. Suppose n*j + p - 427 = 0, p = -4 + 5. What is the hundreds digit of j?
1
Suppose -5*v + 14*i - 13*i = -449, 2*i = -8. What is the tens digit of v?
8
Let l(x) = -182*x**2 - x**3 - 2*x + 0*x**3 + 82*x**2 + 16 - 4*x + 85*x**2. Suppose 1 = -2*z - 4*n - 9, -4*z - 3*n - 45 = 0. What is the units digit of l(z)?
6
Let q(o) = o**3 + 38*o**2 - 7*o + 103. Let x(g) = 2*g**2 - 51*g + 34. Let u be x(24). What is the tens digit of q(u)?
6
Suppose -3*i - 137 = 2*m - 4*i, -4*m = -i + 273. Let t = m - -73. Suppose -3*z + t = -115. What is the units digit of z?
0
Let j be ((-12)/10)/(2/(-180)). Suppose 0 = -j*l + 114*l + 798. Let k = 149 + l. What is the tens digit of k?
1
Suppose z = 4*x + 32, -5*x + 2 = -3. Suppose 0*f = -6*f + z. Suppose -826 = f*g - 13*g. What is the units digit of g?
8
Let v(n) = -5*n + 0*n + 56*n**2 + n**3 - 61*n**2. Suppose -2*w + 19 = -5*b, -w + 5*w - 26 = -2*b. What is the tens digit of v(w)?
6
Let j be 4*20/(-16)*-2. Let l(h) = 56*h + 51. Let k be l(-1). Let s = k + j. What is the units digit of s?
5
Let a = -35 + 380. Let h = a - -429. What is the units digit of h?
4
Let k = -72 - -77. Suppose -2*v + 7*v - 10 = 5*x, -k*x = -10. Suppose -v*t = 2*h - 832, -6*t = -5*t + 3*h - 208. What is the hundreds digit of t?
2
Let u(k) = 53*k**2 + 13*k - 401. What is the ten thousands digit of u(18)?
1
Let w = 58 + -37. Let r = 49 - w. Suppose 5*y - y = r. What is the units digit of y?
7
Let y(d) = 6*d**2 - d - 8. Let h be y(2). Let n(u) = u**3 - 14*u**2 + 4*u - 22. What is the units digit of n(h)?
4
Let v(n) = 5*n - 16. Let t be v(5). Suppose -2*u = 5*g - t, 3*u - 3*g - 4 + 1 = 0. Suppose -105 = -u*m + 77. What is the tens digit of m?
9
Let p(l) = l**3 - l**2 + 5*l - 5. Let f be p(0). Let h = 46 - 32. What is the units digit of ((4585/h)/f)/(1/(-2))?
1
Let o(a) be the third derivative of -a**6/6 + 3*a**4/8 + a**3 - 84*a**2. What is the hundreds digit of o(-3)?
5
Let f = 53398 + -35039. Suppose f = 22*k - 4213. What is the thousands digit of k?
1
Let r = 80 + -64. Suppose 4*f + 2*y - r = 0, -2*f + 4*f - 20 = 2*y. What is the tens digit of (-3674)/(-14) + f/(-14)?
6
Suppose 32*r - 47 = 529. Suppose -g + 5*t - 30 = 0, 2*t + 13 = 3*g + 51. Let f = r + g. What is the units digit of f?
8
Let w(r) = 2*r**3 - 8*r**2 + 13*r + 11. Let a be w(8). Suppose -a = -11*d + 8*d. What is the units digit of d?
9
Suppose 20 = -a + 4*p, a + 3*a - 25 = -5*p. Suppose 6*u - 27 + 15 = a. Suppose s = -5*x + u*s + 433, 2*s = 2*x - 178. What is the units digit of x?
6
Suppose 7306 + 11638 = 16*a. Let x = 2316 - a. What is the units digit of x?
2
Let i = 69 + 5699. What is the tens digit of i?
6
Let d = -36 - -36. Suppose z - 4 = 1, d = -i - 5*z + 23. Let u = 34 + i. What is the units digit of u?
2
Let y(f) = f - 17. Let b be y(16). Let l(w) = 0 - 3 - 19*w + 2. What is the tens digit of l(b)?
1
Let i(s) = 204*s**3 - 5*s**2 + 8*s + 2. What is the tens digit of i(3)?
8
Suppose 917*r - 897*r - 15200 = 0. What is the tens digit of r?
6
Let c(t) = 2*t**2 - 8*t - 5. Let j be c(5). Suppose 0 = -l + 3*y + 1429, -j*l + 9*l = -2*y + 5744. What is the tens digit of l?
3
Let t(q) = -79*q**3 - 7*q**2 - 12*q - 1. Let g be (-168)/77 + 8/44. What is the tens digit of t(g)?
2
Let m(g) = 2*g**3 - 18*g**2 - 32*g - 134. What is the tens digit of m(12)?
4
Suppose 2*d + u + 13 = 0, -21*d + 23*d + 4*u = -10. What is the units digit of 3*60*(-28)/d?
0
Suppose 46*f